{"id":15,"date":"2015-01-13T17:52:30","date_gmt":"2015-01-13T17:52:30","guid":{"rendered":"http:\/\/demo.safirtema.com\/safirkurumsal\/?page_id=15"},"modified":"2024-06-12T17:25:02","modified_gmt":"2024-06-12T14:25:02","slug":"hakkimizda","status":"publish","type":"page","link":"https:\/\/d7k.com.tr\/?page_id=15","title":{"rendered":"Hakk\u0131m\u0131zda"},"content":{"rendered":"\r\n<p><b><span style=\"font-family: Tahoma, Arial, Helvetica, sans-serif; color: #db4747;\"><img loading=\"lazy\" decoding=\"async\" class=\"wp-image-866  alignright\" src=\"https:\/\/d7k.com.tr\/wp-content\/uploads\/2023\/10\/hakkimizda-849x1024.png\" alt=\"\" width=\"392\" height=\"472\" srcset=\"https:\/\/d7k.com.tr\/wp-content\/uploads\/2023\/10\/hakkimizda-849x1024.png 849w, https:\/\/d7k.com.tr\/wp-content\/uploads\/2023\/10\/hakkimizda-249x300.png 249w, https:\/\/d7k.com.tr\/wp-content\/uploads\/2023\/10\/hakkimizda-768x926.png 768w, https:\/\/d7k.com.tr\/wp-content\/uploads\/2023\/10\/hakkimizda.png 933w\" sizes=\"auto, (max-width: 392px) 100vw, 392px\" \/><span style=\"font-family: roboto-light;\">D7K<\/span><\/span><\/b><span style=\"font-family: roboto-light;\"> <b>m\u00fc\u015fteri<\/b> <b>y\u00f6netiminden<\/b> <b>finansal<\/b> <b>y\u00f6netime<\/b><b>, <\/b><b>\u00fcretim<\/b> <b>ve<\/b> <b>stok<\/b> <b>y\u00f6netiminden<\/b> <b>sat\u0131\u015f<\/b> <b>ve<\/b> <b>tedarik<\/b> <b>zinciri<\/b> <b>y\u00f6netimine<\/b> <b>kadar<\/b><b> her <\/b><b>alanda<\/b><b> tam <\/b><b>kapsaml\u0131<\/b> <b>bir<\/b> <b>yaz\u0131l\u0131m<\/b> <b>sunar<\/b><b>.<\/b><\/span><\/p>\r\n<p><span style=\"font-family: roboto-light;\"><b>Kalite Standartlar\u0131m\u0131z<\/b><\/span><\/p>\r\n<p><span style=\"font-family: roboto-light;\">Tedarik\u00e7ilerimizi ve i\u015f ortaklar\u0131m\u0131z\u0131 se\u00e7erken y\u00fcksek standartlara sahibiz. \u0130\u015fimiz birinci s\u0131n\u0131f kalitede hizmet sa\u011flamakt\u0131r.<\/span><\/p>\r\n<p><span style=\"font-family: roboto-light;\">\r\n\r\n<\/span><\/p>\r\n<div class=\"icon safiricon\">\r\n<p><span style=\"font-family: roboto-light;\"><b>K\u00f6kl\u00fc Ge\u00e7mi\u015fimiz<\/b><\/span><\/p>\r\n<\/div>\r\n<div><span style=\"font-family: roboto-light;\">15 y\u0131ldan fazla tecr\u00fcbemizle s\u00fcrekli kendimizi yeniliyoruz. Gelece\u011fi yakalamak ad\u0131na en yenilik\u00e7i \u00e7\u00f6z\u00fcmleri kullan\u0131yoruz.<\/span><\/div>\r\n<div>\r\n<p><span style=\"font-family: roboto-light;\"><b>Kaliteli Ekibimiz<\/b><\/span><\/p>\r\n<\/div>\r\n<div>\r\n<p><span style=\"font-family: roboto-light;\">Profesyonel bir ekip ile \u00e7al\u0131\u015f\u0131yoruz. Her t\u00fcrl\u00fc sorunuza yan\u0131t vermek i\u00e7in haz\u0131r\u0131z. Bilgi sistemleri konusunda uzman ekipman\u0131m\u0131z ile\u00a0 kurumsal \u00e7\u00f6z\u00fcmler sunuyoruz. Verimli, kolay ve h\u0131zl\u0131 karar mekanizmalar\u0131 sa\u011fl\u0131yoruz.<\/span><\/p>\r\n<p><span style=\"font-family: roboto-light;\"><strong>FAAL\u0130YET ALANLARIMIZ<\/strong><\/span><\/p>\r\n<p><span style=\"font-family: roboto-light;\">\u00a0\u00a0\u00a0\u00a0\u00a0\u00a0\u00a0\u00a0\u00a0\u00a0\u00a0 D7K ERP YAZILIM S\u0130STEMLER\u0130 VER\u0130 ENTEGRE \u00c7\u00d6Z\u00dcMLER\u0130 LTD. \u015eT\u0130.; 2008 y\u0131l\u0131ndan g\u00fcn\u00fcm\u00fcze \u00f6zelikle \u00dcretim sekt\u00f6r\u00fc olmak \u00fczere farkl\u0131 sekt\u00f6rlerde de faaliyet g\u00f6steren firmalara<\/span><\/p>\r\n<ul>\r\n<li><span style=\"font-family: roboto-light;\">Depo Stok Y\u00f6netim Sistemleri,<\/span><\/li>\r\n<li><span style=\"font-family: roboto-light;\">\u00dcretim Y\u00f6netim Sistemleri,<\/span><\/li>\r\n<li><span style=\"font-family: roboto-light;\">M\u00fc\u015fteri Y\u00f6netim Sistemleri(B2B),<\/span><\/li>\r\n<li><span style=\"font-family: roboto-light;\">Tedarik Zinciri Y\u00f6netim Sistemleri,<\/span><\/li>\r\n<li><span style=\"font-family: roboto-light;\">Kalite Y\u00f6netim Sistemleri,<\/span><\/li>\r\n<li><span style=\"font-family: roboto-light;\">Karar Destek Sistemleri,<\/span><\/li>\r\n<li><span style=\"font-family: roboto-light;\">\u00d6zel ve Di\u011fer Yaz\u0131l\u0131m \u00c7\u00f6z\u00fcmleri (Otomasyon, Entegrasyon, vb.),<\/span><\/li>\r\n<\/ul>\r\n<p><span style=\"font-family: roboto-light;\">Gibi projeleri tasarlay\u0131p birbirinden ba\u011f\u0131ms\u0131z \u00e7al\u0131\u015fan sistemleri bir araya getirerek, tek bir sistem halinde b\u00fct\u00fcnle\u015fik olarak \u00e7al\u0131\u015fmas\u0131n sa\u011flamaktad\u0131r.<\/span><\/p>\r\n<p><span style=\"font-family: roboto-light;\"><strong>DE\u011eERLER\u0130M\u0130Z<\/strong><\/span><\/p>\r\n<ul>\r\n<li><span style=\"font-family: roboto-light;\"><strong>\u00a0<\/strong>De\u011fi\u015fime Uyum \u2013 De\u011fi\u015fen teknolojiye ve di\u011fer t\u00fcm ko\u015fullara kolayca uyum sa\u011flamak,<\/span><\/li>\r\n<li><span style=\"font-family: roboto-light;\">\u0130\u015f Ahlak\u0131 \u2013 b\u00fct\u00fcn faaliyetler, kararlar ve ili\u015fkilerde en y\u00fcksek ahlaki de\u011ferleri g\u00f6zetmek.<\/span><\/li>\r\n<li><span style=\"font-family: roboto-light;\">Geli\u015fim \u2013 Yap\u0131lan her i\u015fi geli\u015ftirmek i\u00e7in s\u00fcrekli g\u00f6zden ge\u00e7irmek ve iyile\u015ftirmek.<\/span><\/li>\r\n<li><span style=\"font-family: roboto-light;\">\u00c7al\u0131\u015fanlar \u2013 \u00c7al\u0131\u015fanlara g\u00fcven, sayg\u0131 ile yakla\u015fmak ve onlara \u00f6nc\u00fcl\u00fck etmek, \u00c7al\u0131\u015fanlar\u0131 kendilerini geli\u015ftirmeleri i\u00e7in, e\u011fitim ve gerekli di\u011fer olanaklar\u0131 sa\u011flayarak destelemek.<\/span><\/li>\r\n<li><span style=\"font-family: roboto-light;\">Tak\u0131m \u00c7al\u0131\u015fmas\u0131 ve Karar Alma \u2013 Kararlar\u0131, konuya en yak\u0131n ve uzaman ki\u015filerce yap\u0131lan detayl\u0131 ara\u015ft\u0131rma ve analize dayanarak vermek, B\u00fct\u00fcn i\u015flerde ekip \u00e7al\u0131\u015fmas\u0131ndan yararlan\u0131rken yenilik\u00e7ilik ve \u00e7ok seslili\u011fi desteklemek, B\u00fct\u00fcn ili\u015fkilerde sayg\u0131l\u0131, nazik ve ho\u015fg\u00f6r\u00fcl\u00fc davranmaya \u00f6zen g\u00f6stermek, Problemler kar\u015f\u0131s\u0131nda \u00e7\u00f6z\u00fcm odakl\u0131 yakla\u015f\u0131m sergilemek.<\/span><\/li>\r\n<\/ul>\r\n<\/div>\r\n","protected":false},"excerpt":{"rendered":"<p>D7K m\u00fc\u015fteri y\u00f6netiminden finansal y\u00f6netime, \u00fcretim ve stok y\u00f6netiminden sat\u0131\u015f ve tedarik zinciri y\u00f6netimine kadar her alanda tam kapsaml\u0131 bir yaz\u0131l\u0131m sunar. Kalite Standartlar\u0131m\u0131z Tedarik\u00e7ilerimizi ve i\u015f ortaklar\u0131m\u0131z\u0131 se\u00e7erken y\u00fcksek standartlara sahibiz. \u0130\u015fimiz birinci s\u0131n\u0131f kalitede hizmet sa\u011flamakt\u0131r.<\/p>\n","protected":false},"author":1,"featured_media":0,"parent":0,"menu_order":0,"comment_status":"open","ping_status":"open","template":"","meta":{"_joinchat":[],"footnotes":""},"class_list":["post-15","page","type-page","status-publish","hentry"],"yoast_head":"<!-- This site is optimized with the Yoast SEO plugin v21.5 - https:\/\/yoast.com\/wordpress\/plugins\/seo\/ -->\n<title>Hakk\u0131m\u0131zda - D7K<\/title>\n<meta name=\"robots\" content=\"index, follow, max-snippet:-1, max-image-preview:large, max-video-preview:-1\" \/>\n<link rel=\"canonical\" href=\"https:\/\/d7k.com.tr\/?page_id=15\" \/>\n<meta property=\"og:locale\" content=\"tr_TR\" \/>\n<meta property=\"og:type\" content=\"article\" \/>\n<meta property=\"og:title\" content=\"Hakk\u0131m\u0131zda - D7K\" \/>\n<meta property=\"og:description\" content=\"D7K m\u00fc\u015fteri y\u00f6netiminden finansal y\u00f6netime, \u00fcretim ve stok y\u00f6netiminden sat\u0131\u015f ve tedarik zinciri y\u00f6netimine kadar her alanda tam kapsaml\u0131 bir yaz\u0131l\u0131m sunar. Kalite Standartlar\u0131m\u0131z Tedarik\u00e7ilerimizi ve i\u015f ortaklar\u0131m\u0131z\u0131 se\u00e7erken y\u00fcksek standartlara sahibiz. \u0130\u015fimiz birinci s\u0131n\u0131f kalitede hizmet sa\u011flamakt\u0131r.\" \/>\n<meta property=\"og:url\" content=\"https:\/\/d7k.com.tr\/?page_id=15\" \/>\n<meta property=\"og:site_name\" content=\"D7K\" \/>\n<meta property=\"article:modified_time\" content=\"2024-06-12T14:25:02+00:00\" \/>\n<meta property=\"og:image\" content=\"https:\/\/d7k.com.tr\/wp-content\/uploads\/2023\/10\/hakkimizda-849x1024.png\" \/>\n<meta name=\"twitter:card\" content=\"summary_large_image\" \/>\n<meta name=\"twitter:label1\" content=\"Tahmini okuma s\u00fcresi\" \/>\n\t<meta name=\"twitter:data1\" content=\"2 dakika\" \/>\n<script type=\"application\/ld+json\" class=\"yoast-schema-graph\">{\"@context\":\"https:\/\/schema.org\",\"@graph\":[{\"@type\":\"WebPage\",\"@id\":\"https:\/\/d7k.com.tr\/?page_id=15\",\"url\":\"https:\/\/d7k.com.tr\/?page_id=15\",\"name\":\"Hakk\u0131m\u0131zda - D7K\",\"isPartOf\":{\"@id\":\"https:\/\/d7k.com.tr\/#website\"},\"datePublished\":\"2015-01-13T17:52:30+00:00\",\"dateModified\":\"2024-06-12T14:25:02+00:00\",\"breadcrumb\":{\"@id\":\"https:\/\/d7k.com.tr\/?page_id=15#breadcrumb\"},\"inLanguage\":\"tr\",\"potentialAction\":[{\"@type\":\"ReadAction\",\"target\":[\"https:\/\/d7k.com.tr\/?page_id=15\"]}]},{\"@type\":\"BreadcrumbList\",\"@id\":\"https:\/\/d7k.com.tr\/?page_id=15#breadcrumb\",\"itemListElement\":[{\"@type\":\"ListItem\",\"position\":1,\"name\":\"Anasayfa\",\"item\":\"https:\/\/d7k.com.tr\/\"},{\"@type\":\"ListItem\",\"position\":2,\"name\":\"Hakk\u0131m\u0131zda\"}]},{\"@type\":\"WebSite\",\"@id\":\"https:\/\/d7k.com.tr\/#website\",\"url\":\"https:\/\/d7k.com.tr\/\",\"name\":\"D7K\",\"description\":\"Siz Neredeyseniz Verileriniz Orada..!\",\"publisher\":{\"@id\":\"https:\/\/d7k.com.tr\/#organization\"},\"potentialAction\":[{\"@type\":\"SearchAction\",\"target\":{\"@type\":\"EntryPoint\",\"urlTemplate\":\"https:\/\/d7k.com.tr\/?s={search_term_string}\"},\"query-input\":\"required name=search_term_string\"}],\"inLanguage\":\"tr\"},{\"@type\":\"Organization\",\"@id\":\"https:\/\/d7k.com.tr\/#organization\",\"name\":\"D7K\",\"url\":\"https:\/\/d7k.com.tr\/\",\"logo\":{\"@type\":\"ImageObject\",\"inLanguage\":\"tr\",\"@id\":\"https:\/\/d7k.com.tr\/#\/schema\/logo\/image\/\",\"url\":\"https:\/\/d7k.com.tr\/wp-content\/uploads\/2023\/08\/d7k.png\",\"contentUrl\":\"https:\/\/d7k.com.tr\/wp-content\/uploads\/2023\/08\/d7k.png\",\"width\":200,\"height\":50,\"caption\":\"D7K\"},\"image\":{\"@id\":\"https:\/\/d7k.com.tr\/#\/schema\/logo\/image\/\"},\"sameAs\":[\"https:\/\/www.linkedin.com\/company\/d7ksuper\/\",\"https:\/\/www.youtube.com\/@d7ksuper384\"]}]}<\/script>\n<!-- \/ Yoast SEO plugin. -->","yoast_head_json":{"title":"Hakk\u0131m\u0131zda - D7K","robots":{"index":"index","follow":"follow","max-snippet":"max-snippet:-1","max-image-preview":"max-image-preview:large","max-video-preview":"max-video-preview:-1"},"canonical":"https:\/\/d7k.com.tr\/?page_id=15","og_locale":"tr_TR","og_type":"article","og_title":"Hakk\u0131m\u0131zda - D7K","og_description":"D7K m\u00fc\u015fteri y\u00f6netiminden finansal y\u00f6netime, \u00fcretim ve stok y\u00f6netiminden sat\u0131\u015f ve tedarik zinciri y\u00f6netimine kadar her alanda tam kapsaml\u0131 bir yaz\u0131l\u0131m sunar. Kalite Standartlar\u0131m\u0131z Tedarik\u00e7ilerimizi ve i\u015f ortaklar\u0131m\u0131z\u0131 se\u00e7erken y\u00fcksek standartlara sahibiz. \u0130\u015fimiz birinci s\u0131n\u0131f kalitede hizmet sa\u011flamakt\u0131r.","og_url":"https:\/\/d7k.com.tr\/?page_id=15","og_site_name":"D7K","article_modified_time":"2024-06-12T14:25:02+00:00","og_image":[{"url":"https:\/\/d7k.com.tr\/wp-content\/uploads\/2023\/10\/hakkimizda-849x1024.png"}],"twitter_card":"summary_large_image","twitter_misc":{"Tahmini okuma s\u00fcresi":"2 dakika"},"schema":{"@context":"https:\/\/schema.org","@graph":[{"@type":"WebPage","@id":"https:\/\/d7k.com.tr\/?page_id=15","url":"https:\/\/d7k.com.tr\/?page_id=15","name":"Hakk\u0131m\u0131zda - D7K","isPartOf":{"@id":"https:\/\/d7k.com.tr\/#website"},"datePublished":"2015-01-13T17:52:30+00:00","dateModified":"2024-06-12T14:25:02+00:00","breadcrumb":{"@id":"https:\/\/d7k.com.tr\/?page_id=15#breadcrumb"},"inLanguage":"tr","potentialAction":[{"@type":"ReadAction","target":["https:\/\/d7k.com.tr\/?page_id=15"]}]},{"@type":"BreadcrumbList","@id":"https:\/\/d7k.com.tr\/?page_id=15#breadcrumb","itemListElement":[{"@type":"ListItem","position":1,"name":"Anasayfa","item":"https:\/\/d7k.com.tr\/"},{"@type":"ListItem","position":2,"name":"Hakk\u0131m\u0131zda"}]},{"@type":"WebSite","@id":"https:\/\/d7k.com.tr\/#website","url":"https:\/\/d7k.com.tr\/","name":"D7K","description":"Siz Neredeyseniz Verileriniz Orada..!","publisher":{"@id":"https:\/\/d7k.com.tr\/#organization"},"potentialAction":[{"@type":"SearchAction","target":{"@type":"EntryPoint","urlTemplate":"https:\/\/d7k.com.tr\/?s={search_term_string}"},"query-input":"required name=search_term_string"}],"inLanguage":"tr"},{"@type":"Organization","@id":"https:\/\/d7k.com.tr\/#organization","name":"D7K","url":"https:\/\/d7k.com.tr\/","logo":{"@type":"ImageObject","inLanguage":"tr","@id":"https:\/\/d7k.com.tr\/#\/schema\/logo\/image\/","url":"https:\/\/d7k.com.tr\/wp-content\/uploads\/2023\/08\/d7k.png","contentUrl":"https:\/\/d7k.com.tr\/wp-content\/uploads\/2023\/08\/d7k.png","width":200,"height":50,"caption":"D7K"},"image":{"@id":"https:\/\/d7k.com.tr\/#\/schema\/logo\/image\/"},"sameAs":["https:\/\/www.linkedin.com\/company\/d7ksuper\/","https:\/\/www.youtube.com\/@d7ksuper384"]}]}},"_links":{"self":[{"href":"https:\/\/d7k.com.tr\/index.php?rest_route=\/wp\/v2\/pages\/15","targetHints":{"allow":["GET"]}}],"collection":[{"href":"https:\/\/d7k.com.tr\/index.php?rest_route=\/wp\/v2\/pages"}],"about":[{"href":"https:\/\/d7k.com.tr\/index.php?rest_route=\/wp\/v2\/types\/page"}],"author":[{"embeddable":true,"href":"https:\/\/d7k.com.tr\/index.php?rest_route=\/wp\/v2\/users\/1"}],"replies":[{"embeddable":true,"href":"https:\/\/d7k.com.tr\/index.php?rest_route=%2Fwp%2Fv2%2Fcomments&post=15"}],"version-history":[{"count":15,"href":"https:\/\/d7k.com.tr\/index.php?rest_route=\/wp\/v2\/pages\/15\/revisions"}],"predecessor-version":[{"id":1430,"href":"https:\/\/d7k.com.tr\/index.php?rest_route=\/wp\/v2\/pages\/15\/revisions\/1430"}],"wp:attachment":[{"href":"https:\/\/d7k.com.tr\/index.php?rest_route=%2Fwp%2Fv2%2Fmedia&parent=15"}],"curies":[{"name":"wp","href":"https:\/\/api.w.org\/{rel}","templated":true}]}}